{"id":226,"date":"2018-03-16T20:18:41","date_gmt":"2018-03-16T20:18:41","guid":{"rendered":"http:\/\/www.stefankuehne.net\/?page_id=226"},"modified":"2025-11-02T17:30:45","modified_gmt":"2025-11-02T17:30:45","slug":"digitale_lebenswelten","status":"publish","type":"page","link":"https:\/\/www.stefankuehne.net\/?page_id=226","title":{"rendered":"Kinder, Jugendliche und Beziehungen mit KI"},"content":{"rendered":"<p><strong>Wir m\u00fcssen reden &#8211; Kinder, Jugendliche und Beziehungen mit KI<\/strong><\/p>\n<p>Im September habe ich in einem Webinar beleuchtet, was Menschen mit KI tun. Die aktuellen Publikationen und Headlines der Tageszeitungen zeigen, dass die \u00f6ffentliche Wahrnehmung und Diskussion dar\u00fcber an Fahrt aufgenommen hat.<\/p>\n<p>In diesem Webinar nehmen wir nun ganz konkret die <strong>Zielgruppe Kinder &amp; Jugendliche<\/strong> in den Fokus. Was machen Kinder &amp; Jugendliche mit KI und was bedeutet es, wenn junge Menschen sich nicht nur Informationen und Hausaufgaben mithilfe von KI gestalten lassen, sondern wenn sie mit KI-Systemen in eine Art kommunikative Beziehung treten?<\/p>\n<p><strong>Das ist keine Zukunft, die irgendwann eintreten wird, das ist Gegenwart.<\/strong><\/p>\n<p>In diesem Webinar m\u00f6chte ich die Ergebnisse meiner Recherchen teilen. Dazu gebe ich einen \u00dcberblick zu Studien zum Thema &#8222;Kinder, Jugendliche und Beziehungen mit KI&#8220; und erg\u00e4nze dies durch eigene praktische Erfahrungen und Fallbeispiele.<\/p>\n<p><strong>Gemeinsam<\/strong> m\u00f6chte ich mit Euch\/Ihnen diskutieren, was diese Klient:innenrealit\u00e4ten f\u00fcr unsere berufliche Praxis bedeuten und wie wir darauf reagieren k\u00f6nnen.<\/p>\n<ul>\n<li>Ein gemeinsamer Blick auf die <strong>Ergebnisse der JIM-Studie 2025<\/strong>.<\/li>\n<li>Welche Fragen ergeben sich f\u00fcr uns und wie k\u00f6nnen Antworten darauf aussehen.<\/li>\n<li>Untersch\u00e4tzen wir gerade das Ausma\u00df der Ver\u00e4nderungen?<\/li>\n<\/ul>\n<p>Dieses kostenfreie Webinar biete ich an, um das Thema &#8222;Kinder, Jugendliche und Beziehungen mit KI&#8220; auf die Tagesordnung der Sozialen Arbeit, insbesondere der Offenen Jugendarbeit zu setzen. Ich denke, da sollten wir (mit nat\u00fcrlicher Intelligenz) hinschauen.<\/p>\n<p>Ich freue mich auf den Austausch. Anmeldung zu diesem Termin bitte per Mail unter <a class=\"rxsNRETeTzdLpqIsRkRbuKIoBWHcKvElvoCM \" tabindex=\"0\" href=\"mailto:office@stefankuehne.net\" target=\"_self\" data-test-app-aware-link=\"\">office@stefankuehne.net<\/a><\/p>\n<p><strong>&#8222;Kinder, Jugendliche und Beziehungen mit KI&#8220;<\/strong><br \/>\n<strong>Mittwoch, 19.11.2025, 10:00-12:00 (via Zoom)<\/strong><\/p>\n<p>***********************************************<br \/>\n<strong>Lesehinweise:<\/strong><\/p>\n<p>==&gt; Engelhardt, E. &amp; K\u00fchne, S. (2025). K\u00fcnstliche Intelligenz in der Beratung. Ein Kompass f\u00fcr die systemische Praxis. Vandenhoeck &amp; Ruprecht.<br \/>\n<a class=\"rxsNRETeTzdLpqIsRkRbuKIoBWHcKvElvoCM \" tabindex=\"0\" href=\"http:\/\/ki-systemisch.net\/\" target=\"_self\" data-test-app-aware-link=\"\">http:\/\/ki-systemisch.net<\/a><\/p>\n<p>==&gt; Mutige Gedanken zu KI und Beratung. Blog von Frank Engel und Stefan K\u00fchne. <a class=\"rxsNRETeTzdLpqIsRkRbuKIoBWHcKvElvoCM \" tabindex=\"0\" href=\"http:\/\/www.xn--khne-engel-9db.eu\/\" target=\"_self\" data-test-app-aware-link=\"\">http:\/\/www.k\u00fchne-engel.eu<\/a><\/p>\n<p>==&gt; Bender, E.M. &amp; Hanna, A. (2025), The AI Con. How to fight big tech&#8217;s hype and create the future we want. Harper Collins.<\/p>\n<p>==&gt; M\u00fchlhoff, R. (2025). KI und der neue Faschismus. Reclam.<\/p>\n","protected":false},"excerpt":{"rendered":"<p>Wir m\u00fcssen reden &#8211; Kinder, Jugendliche und Beziehungen mit KI Im September habe ich in einem Webinar beleuchtet, was Menschen mit KI tun. Die aktuellen Publikationen und Headlines der Tageszeitungen zeigen, dass die \u00f6ffentliche Wahrnehmung und Diskussion dar\u00fcber an Fahrt &hellip; <a href=\"https:\/\/www.stefankuehne.net\/?page_id=226\">Weiterlesen <span class=\"meta-nav\">&rarr;<\/span><\/a><\/p>\n","protected":false},"author":1,"featured_media":0,"parent":0,"menu_order":0,"comment_status":"closed","ping_status":"closed","template":"","meta":{"om_disable_all_campaigns":false,"_monsterinsights_skip_tracking":false,"_monsterinsights_sitenote_active":false,"_monsterinsights_sitenote_note":"","_monsterinsights_sitenote_category":0,"ngg_post_thumbnail":0,"footnotes":""},"class_list":["post-226","page","type-page","status-publish","hentry"],"aioseo_notices":[],"_links":{"self":[{"href":"https:\/\/www.stefankuehne.net\/index.php?rest_route=\/wp\/v2\/pages\/226","targetHints":{"allow":["GET"]}}],"collection":[{"href":"https:\/\/www.stefankuehne.net\/index.php?rest_route=\/wp\/v2\/pages"}],"about":[{"href":"https:\/\/www.stefankuehne.net\/index.php?rest_route=\/wp\/v2\/types\/page"}],"author":[{"embeddable":true,"href":"https:\/\/www.stefankuehne.net\/index.php?rest_route=\/wp\/v2\/users\/1"}],"replies":[{"embeddable":true,"href":"https:\/\/www.stefankuehne.net\/index.php?rest_route=%2Fwp%2Fv2%2Fcomments&post=226"}],"version-history":[{"count":17,"href":"https:\/\/www.stefankuehne.net\/index.php?rest_route=\/wp\/v2\/pages\/226\/revisions"}],"predecessor-version":[{"id":725,"href":"https:\/\/www.stefankuehne.net\/index.php?rest_route=\/wp\/v2\/pages\/226\/revisions\/725"}],"wp:attachment":[{"href":"https:\/\/www.stefankuehne.net\/index.php?rest_route=%2Fwp%2Fv2%2Fmedia&parent=226"}],"curies":[{"name":"wp","href":"https:\/\/api.w.org\/{rel}","templated":true}]}}