{"id":29,"date":"2016-07-04T16:37:49","date_gmt":"2016-07-04T16:37:49","guid":{"rendered":"http:\/\/bewegungsetappe.net\/?page_id=29"},"modified":"2022-07-05T09:43:40","modified_gmt":"2022-07-05T09:43:40","slug":"rundgang","status":"publish","type":"page","link":"https:\/\/www.stefankuehne.net\/?page_id=29","title":{"rendered":"Umgang"},"content":{"rendered":"<div class=\"stacks_in\">\n<div class=\"stacks_div\">\n<div class=\"stacks_out\">\n<div><a href=\"http:\/\/www.forschungsgreisslerei.at\">Forschungsgreisslerei &#8211; institut: wissenschaft.online.beratung<\/a><\/div>\n<p><a href=\"https:\/\/www.turnprevention.com\/\">Turn &#8211; Verein f\u00fcr Gewalt- und Extremismuspr\u00e4vention<\/a><\/p>\n<div class=\"stacks_in\"><a href=\"http:\/\/www.robert-hewitt.net\/\" target=\"_blank\" rel=\"external noopener noreferrer\">Robert Hewitt<\/a><\/div>\n<div class=\"stacks_in\"><a href=\"http:\/\/www.andreas-geier.de\/\" target=\"_blank\" rel=\"external noopener noreferrer\">Andreas Geier<\/a><br \/>\n<a href=\"http:\/\/www.consulta-managementberatung.de\/\" target=\"_blank\" rel=\"external noopener noreferrer\">Brigitte Koch<\/a><br \/>\n<a href=\"http:\/\/www.christianeeichenberg.de\/\" target=\"_blank\" rel=\"external noopener noreferrer\">Christiane Eichenberg<\/a><\/div>\n<div class=\"stacks_in\"><a href=\"http:\/\/www.evamueller.net\">Eva M\u00fcller<\/a><br \/>\n<a href=\"http:\/\/www.brehmsimago.eu\/\" target=\"_blank\" rel=\"external noopener noreferrer\">Eveline Brehm<\/a><\/div>\n<div class=\"stacks_in\"><a href=\"https:\/\/www.der-dreh.net\/\">Emily Engelhardt<\/a><\/div>\n<div class=\"stacks_in\"><a href=\"http:\/\/www.miczka.net\/\" target=\"_blank\" rel=\"external noopener noreferrer\">Inge Miczka<\/a><br \/>\n<a href=\"http:\/\/ingrun-aran.eu\">Ingrun Aran<\/a><br \/>\n<a href=\"http:\/\/www.jens-nordalm.de\" target=\"_blank\" rel=\"external noopener noreferrer\">Jens Nordalm<\/a><\/div>\n<div><a href=\"http:\/\/www.krejsa-macmanus.eu\/index.php?id=2\">Susanne Krejsa-MacManus<\/a><\/div>\n<div class=\"stacks_in\"><a href=\"http:\/\/www.mfst.at\" target=\"_blank\" rel=\"external noopener noreferrer\">Michaela Friesacher-Stotter<\/a><br \/>\n<a href=\"http:\/\/www.praxis-hintenberger.at\/\" target=\"_blank\" rel=\"external noopener noreferrer\">Gerhard Hintenberger<\/a><\/div>\n<div class=\"stacks_in\"><a href=\"https:\/\/marcweinhardt.de\/\">Marc Weinhardt<\/a><br \/>\n<a href=\"http:\/\/de.wikipedia.org\/wiki\/Marianne_Schoiswohl\" target=\"_blank\" rel=\"external noopener noreferrer\">Marianne Schoiswohl<\/a><\/div>\n<div class=\"stacks_in\"><a href=\"https:\/\/benedikt-geyer.de\">Benedikt Geyer<\/a><br \/>\n<a href=\"http:\/\/www.teaminprogress.com\/\" target=\"_blank\" rel=\"external noopener noreferrer\">Michael Gruber<\/a><\/div>\n<div class=\"stacks_in\"><a href=\"http:\/\/www.praxis-boeckle.at\/praxis\/\">Markus B\u00f6ckle<\/a><br \/>\n<a href=\"http:\/\/www.raumwerk-berlin.de\/\" target=\"_blank\" rel=\"external noopener noreferrer\">Sabina Nordalm<\/a><\/div>\n<div class=\"stacks_in\"><a href=\"http:\/\/hendrikepe.de\">Hendrik Epe<\/a><br \/>\n<a href=\"http:\/\/www.stefantimmermanns.de\/\" target=\"_blank\" rel=\"external noopener noreferrer\">Stefan Timmermanns<\/a><br \/>\n<a href=\"https:\/\/www.germlit.rwth-aachen.de\/awca\/n.asp?id=pusk\" target=\"_blank\" rel=\"external noopener noreferrer\">Thomas Bein<\/a><\/div>\n<div class=\"stacks_in\"><a href=\"https:\/\/joerg-hawlitzeck.com\">J\u00f6rg Hawlitzeck<\/a><br \/>\n<a href=\"http:\/\/www.pospischill.net\" target=\"_blank\" rel=\"external noopener noreferrer\">Wolfgang Pospischill<\/a><\/div>\n<\/div>\n<\/div>\n<\/div>\n","protected":false},"excerpt":{"rendered":"<p>Forschungsgreisslerei &#8211; institut: wissenschaft.online.beratung Turn &#8211; Verein f\u00fcr Gewalt- und Extremismuspr\u00e4vention Robert Hewitt Andreas Geier Brigitte Koch Christiane Eichenberg Eva M\u00fcller Eveline Brehm Emily Engelhardt Inge Miczka Ingrun Aran Jens Nordalm Susanne Krejsa-MacManus Michaela Friesacher-Stotter Gerhard Hintenberger Marc Weinhardt Marianne &hellip; <a href=\"https:\/\/www.stefankuehne.net\/?page_id=29\">Weiterlesen <span class=\"meta-nav\">&rarr;<\/span><\/a><\/p>\n","protected":false},"author":1,"featured_media":0,"parent":31,"menu_order":4,"comment_status":"closed","ping_status":"closed","template":"","meta":{"om_disable_all_campaigns":false,"_monsterinsights_skip_tracking":false,"_monsterinsights_sitenote_active":false,"_monsterinsights_sitenote_note":"","_monsterinsights_sitenote_category":0,"ngg_post_thumbnail":0,"footnotes":""},"class_list":["post-29","page","type-page","status-publish","hentry"],"aioseo_notices":[],"_links":{"self":[{"href":"https:\/\/www.stefankuehne.net\/index.php?rest_route=\/wp\/v2\/pages\/29","targetHints":{"allow":["GET"]}}],"collection":[{"href":"https:\/\/www.stefankuehne.net\/index.php?rest_route=\/wp\/v2\/pages"}],"about":[{"href":"https:\/\/www.stefankuehne.net\/index.php?rest_route=\/wp\/v2\/types\/page"}],"author":[{"embeddable":true,"href":"https:\/\/www.stefankuehne.net\/index.php?rest_route=\/wp\/v2\/users\/1"}],"replies":[{"embeddable":true,"href":"https:\/\/www.stefankuehne.net\/index.php?rest_route=%2Fwp%2Fv2%2Fcomments&post=29"}],"version-history":[{"count":19,"href":"https:\/\/www.stefankuehne.net\/index.php?rest_route=\/wp\/v2\/pages\/29\/revisions"}],"predecessor-version":[{"id":545,"href":"https:\/\/www.stefankuehne.net\/index.php?rest_route=\/wp\/v2\/pages\/29\/revisions\/545"}],"up":[{"embeddable":true,"href":"https:\/\/www.stefankuehne.net\/index.php?rest_route=\/wp\/v2\/pages\/31"}],"wp:attachment":[{"href":"https:\/\/www.stefankuehne.net\/index.php?rest_route=%2Fwp%2Fv2%2Fmedia&parent=29"}],"curies":[{"name":"wp","href":"https:\/\/api.w.org\/{rel}","templated":true}]}}