{"id":46,"date":"2016-07-04T17:07:25","date_gmt":"2016-07-04T17:07:25","guid":{"rendered":"http:\/\/bewegungsetappe.net\/?page_id=46"},"modified":"2022-07-04T11:56:19","modified_gmt":"2022-07-04T11:56:19","slug":"moderationen","status":"publish","type":"page","link":"https:\/\/www.stefankuehne.net\/?page_id=46","title":{"rendered":"Moderationen"},"content":{"rendered":"<p><strong>2022<\/strong><\/p>\n<p>Juni: Moderation einer 2-t\u00e4gigen Teamklausur, K\u00e4rnten<\/p>\n<p><strong>2020<\/strong><\/p>\n<p>Mittwoch, 01.04.: 1. Virtueller Stammtisch der Wiener Kinder- und Jugendarbeit (online)<\/p>\n<p><strong>2019<\/strong><\/p>\n<p>Samstag, 14.12.: Fachtagung &#8222;DIGITAL STREETS \u2013 Onlineinterventionen, Webvideos und Onlinestreetwork im Rahmen der Politischen Bildung und Extremismuspr\u00e4vention&#8220;, Wien<\/p>\n<p>Samstag, 07.12.: Inge Miczka im Gespr\u00e4ch mit Stefan K\u00fchne. Finissage zur Ausstellung &#8222;Paradox&#8220;, Weingut Wagner-Stempel, Siefersheim<\/p>\n<p>Donnerstag, 17.10.: Im Namen der \u201eEhre&#8220;- Methoden und Ans\u00e4tze zum Umgang mit sogenannten \u201eEhrkonzepten\u201c, wienxtra-institut f\u00fcr freizeitp\u00e4dagogik (ifp), Wien<\/p>\n<p><strong>2018<\/strong><\/p>\n<p>Montag, 24.09. &amp; Dienstag, 25.09.: 9th Child in the City World Conference, Wien<\/p>\n<p><strong>2012<\/strong><\/p>\n<p>Montag, 01.10.: Moderation des Workshops &#8222;Freiwilligenmanagement und au\u00dferinstitutionelle Erwachsenenbildung&#8220;, Tagung &#8222;Erwachsene in der Bildung&#8220;, Bundesinstitut f\u00fcr Erwachsenenbildung, Strobl<\/p>\n<p>Donnerstag, 21.06.: Input &amp; Moderation des Workshops &#8222;Selbsthilfe und Neue Medien&#8220;, Wiener Selbsthilfe Konferenz, Wien<\/p>\n<p>Donnerstag, 31.05.: Moderation &#8222;5 Jahre Museum f\u00fcr Verh\u00fctung und Schwangerschaftsabbruch&#8220;, Maria-Theresien-Platz, Wien<\/p>\n<p><strong>2009<\/strong><\/p>\n<p>Mittwoch, 25.11.: Moderation &#8222;Die gro\u00dfe Jugend-braucht-Dich-Show&#8220; im Rahmen der V.I.P.J.A. Vernetzungsinitiative professionelle Jugendarbeit, Wien<\/p>\n<p><strong>2008<\/strong><\/p>\n<p>Samstag, 20.09.: Moderation &#8222;Informationsabend f\u00fcr P\u00e4dagogInnen&#8220;, Figurentheater Lilarum, Wien<\/p>\n<p><strong>2007<\/strong><\/p>\n<p>Freitag, 21.09.: Moderation &#8222;Informationsabend f\u00fcr P\u00e4dagogInnen&#8220;, Figurentheater Lilarum, Wien.<\/p>\n<p>Donnerstag, 31.01.: Moderation des Podiumsgespr\u00e4chs &#8222;Die Suche nach dem Ich: Queere Kindheiten&#8220; anl\u00e4sslich der Urauff\u00fchrung des St\u00fccks &#8222;ES-E-IX: Kinderfragen. Klebebilder&#8220; von Lilly Axster, DschungelWien, MuseumsQuartier Wien<\/p>\n<p><strong>2006<\/strong><\/p>\n<p>Freitag, 12.05.: Moderation &#8222;Hof-Fest im MuseumsQuartier Wien&#8220;, Open-Air Veranstaltung im F\u00fcrstenhof des MuseumsQuartiers, Wien<\/p>\n<p>Donnerstag, 11.05.: Moderation der Podiumsdiskussion &#8222;Was kann man Kindern und Jugendlichen auf der B\u00fchne zumuten?&#8220;, Assitej Austria, Dschungel Wien im MuseumsQuartier<\/p>\n<p><strong>2005<\/strong><\/p>\n<p>Samstag, 22.01.: Moderation (Open Space) &#8222;Jugend heute. Jugend- und Sozialarbeit Online&#8220;. 21. Gruppendynamiktage Gallneukirchen &#8222;Face to Face und virtueller Raum&#8220;. Gallneukirchen<\/p>\n","protected":false},"excerpt":{"rendered":"<p>2022 Juni: Moderation einer 2-t\u00e4gigen Teamklausur, K\u00e4rnten 2020 Mittwoch, 01.04.: 1. Virtueller Stammtisch der Wiener Kinder- und Jugendarbeit (online) 2019 Samstag, 14.12.: Fachtagung &#8222;DIGITAL STREETS \u2013 Onlineinterventionen, Webvideos und Onlinestreetwork im Rahmen der Politischen Bildung und Extremismuspr\u00e4vention&#8220;, Wien Samstag, 07.12.: &hellip; <a href=\"https:\/\/www.stefankuehne.net\/?page_id=46\">Weiterlesen <span class=\"meta-nav\">&rarr;<\/span><\/a><\/p>\n","protected":false},"author":1,"featured_media":0,"parent":24,"menu_order":4,"comment_status":"closed","ping_status":"closed","template":"","meta":{"om_disable_all_campaigns":false,"_monsterinsights_skip_tracking":false,"_monsterinsights_sitenote_active":false,"_monsterinsights_sitenote_note":"","_monsterinsights_sitenote_category":0,"ngg_post_thumbnail":0,"footnotes":""},"class_list":["post-46","page","type-page","status-publish","hentry"],"aioseo_notices":[],"_links":{"self":[{"href":"https:\/\/www.stefankuehne.net\/index.php?rest_route=\/wp\/v2\/pages\/46","targetHints":{"allow":["GET"]}}],"collection":[{"href":"https:\/\/www.stefankuehne.net\/index.php?rest_route=\/wp\/v2\/pages"}],"about":[{"href":"https:\/\/www.stefankuehne.net\/index.php?rest_route=\/wp\/v2\/types\/page"}],"author":[{"embeddable":true,"href":"https:\/\/www.stefankuehne.net\/index.php?rest_route=\/wp\/v2\/users\/1"}],"replies":[{"embeddable":true,"href":"https:\/\/www.stefankuehne.net\/index.php?rest_route=%2Fwp%2Fv2%2Fcomments&post=46"}],"version-history":[{"count":11,"href":"https:\/\/www.stefankuehne.net\/index.php?rest_route=\/wp\/v2\/pages\/46\/revisions"}],"predecessor-version":[{"id":523,"href":"https:\/\/www.stefankuehne.net\/index.php?rest_route=\/wp\/v2\/pages\/46\/revisions\/523"}],"up":[{"embeddable":true,"href":"https:\/\/www.stefankuehne.net\/index.php?rest_route=\/wp\/v2\/pages\/24"}],"wp:attachment":[{"href":"https:\/\/www.stefankuehne.net\/index.php?rest_route=%2Fwp%2Fv2%2Fmedia&parent=46"}],"curies":[{"name":"wp","href":"https:\/\/api.w.org\/{rel}","templated":true}]}}